+ 26. Calculate the remainder when p is divided by 5.
4
Let a = -10 + 19. Let x = -22 - -62. Let o = -24 + x. Calculate the remainder when o is divided by a.
7
Let g be -5 + 0 + (-12)/(-4). Let z = 1 - g. What is the remainder when z is divided by 1?
0
Let b = -2 + 4. Suppose 180 = o - b*x, 4*x = -o - x + 166. Suppose -3*t - 29 = -o. What is the remainder when t is divided by 17?
15
Let w(s) = -2*s. Let g be w(-1). Suppose -g*x + 110 = 3*x. Suppose 5*q - 18 - x = 0. What is the remainder when 15 is divided by q?
7
Suppose -3*c - 12 = -5*c. Suppose -c*m = -10*m + 76. Calculate the remainder when m is divided by 11.
8
Let x = -90 - -102. Let l(u) = -36*u. Let s be l(-2). Let w = s + -49. Calculate the remainder when w is divided by x.
11
Suppose -2*j + 3 + 11 = 0. Suppose 0*u + j = u. Calculate the remainder when 12 is divided by u.
5
What is the remainder when 4*-1*(3 + 34/(-4)) is divided by 13?
9
What is the remainder when 29*2 - (0 - (-1 + -1)) is divided by 15?
11
Suppose 3*t = -2*t - 10. Let s be t/(-7) + 1548/21. Let i = s + -47. What is the remainder when i is divided by 14?
13
Let q = -33 + 50. Calculate the remainder when q is divided by 9.
8
Let l = 9 - 4. Suppose 5*x - 75 - l = 0. Suppose 43 = 5*p + 2*c, -p - c + 44 = 4*p. What is the remainder when x is divided by p?
7
Suppose -83 - 13 = -5*u - 4*w, -3*u - 3*w = -57. What is the remainder when 115 is divided by u?
15
Suppose -5*q + 50 - 4 = -4*c, -4*q + 5*c + 35 = 0. Suppose 2 - q = -2*x, 3*f = -2*x + 11. Suppose -f - 11 = -4*u. What is the remainder when 5 is divided by u?
2
What is the remainder when 17 is divided by (2/(-3))/(8/(-48))?
1
Let i be (-230)/(-30) + 2/(-3). Suppose -44 = -3*o - 5*g - i, 2*o = -2*g + 18. Let c = 8 - -2. What is the remainder when c is divided by o?
2
Let d = -7 - -12. Let u = 7 + d. What is the remainder when 34 is divided by u?
10
Let v(u) be the third derivative of -5*u**4/24 - 2*u**3/3 - u**2. Let q = 6 - 9. What is the remainder when v(q) is divided by 4?
3
Let n(c) = -2*c + 1. Suppose -4*t + 32 = -3*h, 4*t + 15 = -5*h + 3*t. What is the remainder when 33 is divided by n(h)?
6
Let a(z) = z**3 - 7*z**2 + 8*z + 4. Calculate the remainder when (-93)/(-2)*(2 - (-4)/(-3)) is divided by a(6).
15
Let p(r) = -2*r**2 - r + 5. Let h be p(5). Let y = 120 + -192. Let w = h - y. What is the remainder when w is divided by 8?
6
Let q(s) = 10*s - 4. Let l be q(5). Suppose -3*m + 56 = -l. Let g(x) = 10*x**2 + x. Calculate the remainder when m is divided by g(-1).
7
Suppose 0*z - z + 2*l - 5 = 0, 0 = -4*z - 2*l - 50. Let o = 19 - z. Calculate the remainder when o is divided by 8.
6
Suppose -14*t + 101 + 249 = 0. What is the remainder when 47 is divided by t?
22
Suppose z - 54 = 4*z. What is the remainder when 42 is divided by (z/4 + -1)*-2?
9
Let p = -5 + 7. Calculate the remainder when ((-87)/(-6))/(p/4) is divided by 16.
13
Suppose -2 = z + 3*c + c, 4*z + 5*c = -8. Let w = -18 + 19. Calculate the remainder when 4/(-2)*1/z is divided by w.
0
Let n be (2/(-4))/(2/(-4)). Let r be -1*(-3)/(-6)*4. Calculate the remainder when 10 is divided by ((-3)/n)/(r/4).
4
Let m(l) = l**3 + 3*l**2 - 4*l. Let w be m(-4). Suppose -15 = -y - 4*y. What is the remainder when 15 is divided by 8 - (y - w - 3)?
7
What is the remainder when 89 is divided by (3 + -5 - 4)*-3?
17
Let t(n) = -25*n - 1. Suppose -2*a - 6 = a. Calculate the remainder when t(a) is divided by 26.
23
Suppose 0 = t - 21 - 1. Calculate the remainder when t is divided by 12.
10
Let f(v) = -v**3 + 6*v**2 + 5*v - 1. Let j(g) = g**3 - g**2 + g + 15. Calculate the remainder when f(6) is divided by j(0).
14
Let l = 7 - 2. What is the remainder when 17 is divided by l?
2
Let y = 7 + -9. Let n = y + 10. What is the remainder when n is divided by 3?
2
Calculate the remainder when ((-24)/(-16))/(1 - 83/86) is divided by 16.
11
Suppose 0 = 2*u - 3*u. Suppose u = -s + 5*s - 4. Let p(t) = 17*t**3 - t**2 - t + 1. What is the remainder when p(s) is divided by 6?
4
Suppose 50 = y + z + 3*z, -z = 0. What is the remainder when y is divided by 17?
16
Let l be (-10)/(-3)*6/2. Let v = 6 - 4. Suppose v = 4*x - l. Calculate the remainder when 5 is divided by x.
2
Suppose 0 = b + 5*f - 7, b = f - 4*f + 3. Suppose 3*c = -5*m + 11, 0 = -4*c - 2*m - m. Calculate the remainder when (10 + c)/((-3)/b) is divided by 5.
2
Let y = 19 + -1. Calculate the remainder when 32 is divided by y.
14
Suppose 2*v - 32 = -2*v. Calculate the remainder when 15 is divided by v.
7
Let x = 59 - 37. Suppose 2*v + 2*v = 0. Calculate the remainder when x is divided by ((8 - 0) + v)*1.
6
Let j = 3 + 4. Suppose -z = j - 21. Calculate the remainder when z is divided by 4.
2
Let z(c) = 6*c - 9. Calculate the remainder when 39 is divided by z(5).
18
Suppose h = 5*h - 56. What is the remainder when h is divided by 3?
2
Let a = 44 + -28. What is the remainder when (-47)/((-2)/(4 + -2)) is divided by a?
15
Suppose -3*c - r + 70 = -22, 4*c = 4*r + 112. What is the remainder when c is divided by 17?
13
Suppose -2*f = -6 - 24. Calculate the remainder when 117 is divided by f.
12
Let j(q) = q**3 - 11*q**2 - 9*q - 13. Calculate the remainder when 44 is divided by j(12).
21
Let o(r) = -8*r + 26. Calculate the remainder when o(-6) is divided by 19.
17
Suppose 0 = -4*v + 17 + 11. Let l(x) = x**2 - x + 4. Let d be l(0). Calculate the remainder when (-316)/(-12) - d/(-6) is divided by v.
6
Let m(j) = 21*j - 1. Let y be m(1). Suppose -3*r + 49 = -y. Calculate the remainder when 90 is divided by r.
21
Let g(u) = u - 6. Let y be g(8). Let r(i) = 7*i - 2. Let q be r(y). Let f = -3 + q. Calculate the remainder when f is divided by 5.
4
Let o be 0 + 0 + (-4)/(-2). Suppose 2*q = -2*r + 60, -4*q = -o*r - r - 148. What is the remainder when q is divided by 9?
7
Suppose 5*h = 12*h - 273. Calculate the remainder when h is divided by 23.
16
Let m(v) = v**3 + 2*v**2 - 1. Let c be m(1). Suppose -c*j - j = -87. Suppose -l + 0*l = -j. What is the remainder when l is divided by 15?
14
Let t be 2*2 + 1 + -3. Suppose t*c - 6 = -2. Suppose 73 = c*m - 13. What is the remainder when m is divided by 15?
13
Suppose -z - 46 = -2*y, -2*y - z = 3*z - 56. Suppose 4*t - 260 = -t. Suppose -3*u = -7*u + t. What is the remainder when y is divided by u?
11
Let f(c) = -c**3 - 13*c**2 - 12*c + 27. Calculate the remainder when 100 is divided by f(-12).
19
Suppose -f - 5*t = -44, t = f - 28 - 4. Calculate the remainder when f is divided by ((-1)/1)/((-4)/48).
10
Let f(y) = -y**3 + 10*y**2 - 10*y - 11. Calculate the remainder when 72 is divided by f(8).
35
Suppose -5*s + 27 = -18. Let f = 19 + -56. Let w = -21 - f. Calculate the remainder when w is divided by s.
7
Let p(l) = -4*l - 3. Suppose -5 = 2*b + 1. What is the remainder when 15 is divided by p(b)?
6
Suppose 0 = -3*h + 2*h + 45. What is the remainder when h is divided by 12?
9
Let q(d) = d**2 + d + 11. Let b(f) = 2*f**2 + 2*f + 22. Let j(r) = 6*b(r) - 11*q(r). Calculate the remainder when 19 is divided by j(0).
8
Let m = -1 + 1. Let u(v) = v**2 - v + 5. Calculate the remainder when 2/6 + 380/30 is divided by u(m).
3
Suppose 3*w + r = -w - 96, 4*w = -2*r - 92. Let z = -14 - w. Calculate the remainder when 19 is divided by z.
8
Let r be (-3)/9*(2 - 53). Suppose o - r = 3*s, -4*s - s = 4*o + 17. What is the remainder when (-1)/(8/10 + -1) is divided by o?
1
Let l = 6 - 2. Suppose l*z - 3*z - 1 = 0. Calculate the remainder when (-42)/24*(-3 - z) is divided by 4.
3
Suppose 71 = j + 61. Suppose 4*m + 2*r = 158, 0 = -3*m - 3*r + 49 + 74. What is the remainder when m is divided by j?
8
Let d = 20 + -6. Calculate the remainder when 39 is divided by d.
11
Let l = 93 - 90. Let n = 10 - 2. What is the remainder when n is divided by l?
2
Let i(m) = -4*m - 5. Suppose 2*t = 6 + 14. Calculate the remainder when i(-6) is divided by t.
9
Let g be (11*1)/(-5 - -6). Let z(p) = -p**2 + 6*p + 11*p**2 + 11 + 8*p - p**3. What is the remainder when z(g) is divided by 15?
14
Let m = -77 + 45. Let x = -18 - m. What is the remainder when 39 is divided by x?
11
Suppose 2*l - 6*l = 5*n - 230, 163 = 4*n - l. What is the remainder when n is divided by 15?
12
Suppose 4*s - 222 + 54 = 0. Suppose -10 = -5*i, -5*k + 4*i + 49 = i. What is the remainder when s is divided by k?
9
Let v be 5/25 - 1/5. S